
Convert 155045 (base 7) to base 12.
15828
Convert ac1 (base 14) to base 2.
100001010001
What is -35 (base 11) in base 6?
-102
Convert 112220 (base 3) to base 8.
622
Convert 110110211 (base 3) to base 8.
21606
-10831 (base 10) to base 6
-122051
-28681 (base 9) to base 8
-46071
What is -143024 (base 5) in base 9?
-8222
Convert -796 (base 12) to base 9.
-1476
What is 9471 (base 11) in base 13?
5929
-15203 (base 6) to base 4
-212103
Convert -cbb (base 14) to base 8.
-4725
What is -14485 (base 9) in base 14?
-3858
1a8 (base 13) to base 6
1231
4694 (base 12) to base 11
5a21
Convert -1827 (base 10) to base 15.
-81c
Convert 2012200 (base 4) to base 3.
102210211
Convert -314045 (base 7) to base 9.
-82342
Convert 6428 (base 10) to base 6.
45432
66311 (base 7) to base 10
16619
-1332 (base 4) to base 10
-126
What is -22341 (base 5) in base 2?
-11000111100
-1065 (base 13) to base 15
-a20
What is 3184 (base 9) in base 14?
bd6
What is 33f (base 16) in base 4?
30333
What is 11c03 (base 14) in base 15?
cd60
4c0 (base 14) to base 2
1110111000
3021 (base 7) to base 12
730
24b (base 13) to base 6
1505
Convert -1011202 (base 3) to base 16.
-359
What is -ed (base 15) in base 11?
-193
-50145 (base 6) to base 8
-14621
Convert -23582 (base 13) to base 10.
-64664
102002 (base 3) to base 5
2144
Convert -123123 (base 5) to base 4.
-1022310
What is -210112102 (base 3) in base 7?
-63524
Convert -63036 (base 8) to base 15.
-7b2c
Convert 3ac7 (base 15) to base 9.
18207
Convert -331 (base 12) to base 14.
-257
What is 21146 (base 7) in base 12?
3038
What is -1221032 (base 4) in base 12?
-3a92
Convert -2130102 (base 4) to base 14.
-3906
Convert 300321 (base 5) to base 13.
43ca
What is 376 (base 9) in base 3?
102120
-3505 (base 6) to base 8
-1501
What is 40543 (base 7) in base 8?
23230
Convert -6221 (base 7) to base 14.
-b11
1233321 (base 5) to base 14
8b75
Convert -a (base 15) to base 3.
-101
Convert 2200000 (base 3) to base 8.
3630
What is 101000100 (base 2) in base 16?
144
What is 1200013 (base 4) in base 2?
1100000000111
14032 (base 6) to base 14
b1a
What is 102224 (base 5) in base 4?
311233
What is 121 (base 13) in base 15?
d1
4300 (base 6) to base 11
804
Convert -251 (base 10) to base 12.
-18b
Convert -1279 (base 14) to base 16.
-cab
611b (base 15) to base 12
ba45
-121555 (base 6) to base 12
-62bb
Convert -252 (base 10) to base 16.
-fc
What is 110011011111 (base 2) in base 4?
303133
72636 (base 8) to base 7
153533
Convert 85 (base 15) to base 5.
1000
What is 592 (base 10) in base 2?
1001010000
What is -126b (base 14) in base 16?
-c9f
What is 15221 (base 7) in base 4?
1002011
-1223 (base 6) to base 7
-612
10b1 (base 12) to base 6
12341
7405 (base 12) to base 4
3012011
Convert -3212011 (base 4) to base 16.
-3985
What is -5a6 (base 12) in base 11?
-6aa
What is 462632 (base 7) in base 8?
241315
1111303 (base 5) to base 8
46172
What is -410 (base 12) in base 2?
-1001001100
Convert -1001110110110101 (base 2) to base 11.
-28373
Convert -34a3 (base 11) to base 14.
-195c
What is 6a90 (base 11) in base 3?
110202021
Convert 5785 (base 9) to base 11.
324a
21330 (base 4) to base 11
529
Convert 93b5 (base 13) to base 5.
1123203
What is -7330 (base 9) in base 6?
-40513
Convert 86 (base 14) to base 5.
433
Convert -624 (base 14) to base 16.
-4b8
What is 66335 (base 9) in base 7?
242216
Convert -2104 (base 7) to base 14.
-3ab
What is -8a33 (base 16) in base 10?
-35379
Convert -37b0 (base 13) to base 9.
-11766
What is -1121c (base 14) in base 12?
-2008a
What is 11001100101 (base 2) in base 5?
23022
78 (base 10) to base 16
4e
Convert -40a5 (base 11) to base 2.
-1010100111111
Convert -100110001011 (base 2) to base 13.
-115c
Convert 1dc (base 15) to base 6.
2000
What is -105 (base 9) in base 2?
-1010110
Convert a121 (base 12) to base 13.
7c33
-ab (base 14) to base 8
-227
What is 30023200 (base 4) in base 14?
14276
What is 453104 (base 6) in base 8?
112600
Convert -14424 (base 5) to base 13.
-744
-1030 (base 4) to base 16
-4c
What is 56a (base 15) in base 4?
103021
Convert -132214 (base 7) to base 14.
-907b
-99 (base 13) to base 6
-330
-111d9 (base 15) to base 4
-31102131
What is 11440 (base 7) in base 3?
11001221
-7012 (base 8) to base 16
-e0a
29a (base 15) to base 13
36a
-10121 (base 3) to base 6
-241
What is -17ba (base 15) in base 10?
-5125
Convert 2370 (base 8) to base 10.
1272
Convert 994 (base 13) to base 11.
1263
Convert -1ab (base 12) to base 7.
-542
1410 (base 7) to base 15
266
b93 (base 12) to base 8
3237
What is -11121122112 (base 3) in base 6?
-1540405
Convert 2102331 (base 4) to base 15.
2bc0
1304432 (base 5) to base 8
62021
What is 1416 (base 11) in base 5?
24312
-2134 (base 8) to base 6
-5100
Convert b890 (base 16) to base 13.
18676
What is -106b (base 12) in base 11?
-13a7
Convert 22310 (base 4) to base 12.
498
-c7ef (base 16) to base 15
-10273
-412 (base 9) to base 12
-23b
-671 (base 10) to base 4
-22133
Convert -4bb (base 15) to base 2.
-10000110100
Convert 32 (base 13) to base 3.
1112
1061 (base 10) to base 4
100211
What is 12210 (base 4) in base 13?
264
What is -6743 (base 12) in base 14?
-4243
2053 (base 8) to base 12
74b
-1304 (base 7) to base 14
-274
36061 (base 7) to base 15
2b54
What is 451 (base 14) in base 16?
357
-100011200 (base 4) to base 16
-10160
Convert -38772 (base 9) to base 4.
-12120203
What is -65054 (base 8) in base 11?
-1946a
What is -1101000100010000 (base 2) in base 14?
-1570c
3101331 (base 4) to base 2
11010001111101
What is 11024 (base 6) in base 10?
1528
What is -1c (base 16) in base 13?
-22
What is 5b0 (base 15) in base 3?
1202210
-15 (base 7) to base 3
-110
642 (base 12) to base 11
761
32555 (base 8) to base 3
200202120
Convert 2994 (base 11) to base 14.
1594
748 (base 11) to base 15
3ee
-2691 (base 16) to base 3
-111112200
What is 1e2 (base 15) in base 16?
1b5
2543 (base 7) to base 16
3c2
-3cac (base 15) to base 6
-140043
Convert -5099 (base 15) to base 6.
-210443
What is -85 (base 10) in base 6?
-221
What is 117a2 (base 11) in base 5?
1020211
1300132 (base 4) to base 16
1c1e
-13303 (base 8) to base 12
-3457
What is -964 (base 13) in base 15?
-71d
Convert -175 (base 10) to base 4.
-2233
101101001001 (base 2) to base 5
43024
Convert -101010020 (base 3) to base 5.
-214002
Convert 821 (base 12) to base 9.
1547
Convert -1056 (base 8) to base 7.
-1425
-104 (base 5) to base 11
-27
What is 20201212 (base 3) in base 14?
1b0a
1155 (base 9) to base 6
3552
What is 122 (base 7) in base 9?
72
Convert 1271 (base 8) to base 4.
22321
-30 (base 15) to base 4
-231
Convert 95b7 (base 14) to base 4.
12103231
What is -20a8b (base 14) in base 7?
-446034
What is -1000 (base 4) in base 2?
-1000000
Convert 11 (base 6) to base 11.
7
-4a7 (base 12) to base 7
-2023
What is -1d92 (base 14) in base 15?
-1915
Convert 7755 (base 13) to base 7.
66330
-1059 (base 14) to base 6
-21023
What is 2249 (base 12) in base 13?
1965
Convert -312c (base 14) to base 15.
-2798
-23130 (base 4) to base 16
-2dc
What is -15b (base 15) in base 10?
-311
Convert 443 (base 6) to base 13.
102
Convert 32115 (base 6) to base 15.
1462
Convert -351 (base 7) to base 4.
-2313
What is -366656 (base 7) in base 6?
-1235112
What is 1101101100 (base 2) in base 4?
31230
Convert 210043 (base 7) to base 11.
2509a
Convert 14460 (base 7) to base 13.
1a97
Convert -1133144 (base 5) to base 8.
-51071
1002210020 (base 3) to base 5
1143324
Convert -23124 (base 5) to base 4.
-122000
-3225 (base 6) to base 2
-1011100001
4693 (base 11) to base 2
1100000001000
-122110220 (base 3) to base 15
-3b96
Convert 1b8 (base 13) to base 15.
165
Convert 1190 (base 16) to base 11.
3418
Convert 14c18 (base 13) to base 10.
39398
Convert -1277 (base 9) to base 7.
-2542
13517 (base 8) to base 15
1b7c
Convert -510 (base 7) to base 4.
-3330
Convert -334a (base 15) to base 8.
-25166
Convert 313310 (base 4) to base 2.
110111110100
-22 (base 15) to base 12
-28
Convert 221210 (base 3) to base 10.
696
Convert 310412 (base 5) to base 16.
277b
What is -9714 (base 12) in base 6?
-204424
Convert 5005 (base 6) to base 5.
13320
-24c0 (base 16) to base 9
-13813
Convert -22330 (base 4) to base 16.
-2bc
What is -3962 (base 16) in base 7?
-60554
1660 (base 7) to base 16
2a7
What is 1a2b (base 12) in base 6?
22455
Convert -1dc4 (base 16) to base 13.
-3612
